the ten thousands digit of 33803?
3
What is the tens digit of 37815?
1
What is the units digit of 11041?
1
What is the thousands digit of 59900?
9
What is the units digit of 4148?
8
What is the tens digit of 903?
0
What is the thousands digit of 18867?
8
What is the ten thousands digit of 24758?
2
What is the hundreds digit of 117434?
4
What is the thousands digit of 1686?
1
What is the hundreds digit of 460?
4
What is the tens digit of 4572?
7
What is the thousands digit of 42488?
2
What is the units digit of 16701?
1
What is the hundreds digit of 961?
9
What is the ten thousands digit of 41118?
4
What is the ten thousands digit of 47098?
4
What is the ten thousands digit of 11065?
1
What is the hundreds digit of 108930?
9
What is the hundreds digit of 7452?
4
What is the tens digit of 3307?
0
What is the units digit of 89991?
1
What is the units digit of 6072?
2
What is the tens digit of 1597?
9
What is the units digit of 22522?
2
What is the tens digit of 567?
6
What is the ten thousands digit of 110661?
1
What is the hundreds digit of 1340?
3
What is the units digit of 4667?
7
What is the thousands digit of 119774?
9
What is the hundreds digit of 20196?
1
What is the tens digit of 5475?
7
What is the tens digit of 24478?
7
What is the ten thousands digit of 47332?
4
What is the units digit of 36474?
4
What is the units digit of 12857?
7
What is the ten thousands digit of 79635?
7
What is the ten thousands digit of 20661?
2
What is the thousands digit of 7088?
7
What is the ten thousands digit of 23443?
2
What is the thousands digit of 2589?
2
What is the thousands digit of 1528?
1
What is the hundreds digit of 869?
8
What is the tens digit of 3637?
3
What is the hundreds digit of 1924?
9
What is the tens digit of 12?
1
What is the thousands digit of 2062?
2
What is the hundreds digit of 16576?
5
What is the thousands digit of 1157?
1
What is the hundreds digit of 3512?
5
What is the tens digit of 716?
1
What is the tens digit of 150234?
3
What is the thousands digit of 15004?
5
What is the units digit of 21914?
4
What is the tens digit of 45633?
3
What is the ten thousands digit of 131880?
3
What is the hundreds digit of 3550?
5
What is the units digit of 3688?
8
What is the ten thousands digit of 38138?
3
What is the hundreds digit of 7601?
6
What is the units digit of 1607?
7
What is the thousands digit of 2009?
2
What is the units digit of 45460?
0
What is the tens digit of 5079?
7
What is the hundreds digit of 1262?
2
What is the hundreds digit of 780?
7
What is the units digit of 387?
7
What is the hundreds digit of 5587?
5
What is the units digit of 7421?
1
What is the units digit of 2488?
8
What is the tens digit of 2011?
1
What is the hundreds digit of 10277?
2
What is the units digit of 9445?
5
What is the hundreds digit of 2436?
4
What is the ten thousands digit of 12295?
1
What is the tens digit of 5105?
0
What is the thousands digit of 12739?
2
What is the units digit of 14714?
4
What is the units digit of 1015?
5
What is the ten thousands digit of 37335?
3
What is the hundreds digit of 61955?
9
What is the units digit of 28992?
2
What is the tens digit of 918?
1
What is the thousands digit of 57296?
7
What is the units digit of 771?
1
What is the tens digit of 28845?
4
What is the hundreds digit of 13395?
3
What is the units digit of 52212?
2
What is the thousands digit of 6888?
6
What is the hundreds digit of 1847?
8
What is the hundreds digit of 572?
5
What is the hundreds digit of 953?
9
What is the hundreds digit of 667?
6
What is the hundreds digit of 13291?
2
What is the tens digit of 229?
2
What is the thousands digit of 4083?
4
What is the thousands digit of 133720?
3
What is the ten thousands digit of 59702?
5
What is the ten thousands digit of 87680?
8
What is the hundreds digit of 69140?
1
What is the hundreds digit of 7142?
1
What is the tens digit of 2290?
9
What is the hundreds digit of 2681?
6
What is the tens digit of 6307?
0
What is the thousands digit of 26275?
6
What is the hundreds digit of 2654?
6
What is the units digit of 531?
1
What is the tens digit of 1402?
0
What is the units digit of 137?
7
What is the units digit of 475?
5
What is the hundreds digit of 5914?
9
What is the thousands digit of 17914?
7
What is the units digit of 61285?
5
What is the thousands digit of 12303?
2
What is the hundreds digit of 405?
4
What is the tens digit of 75693?
9
What is the hundreds digit of 3862?
8
What is the ten thousands digit of 31655?
3
What is the thousands digit of 118308?
8
What is the tens digit of 808?
0
What is the tens digit of 79921?
2
What is the hundreds digit of 22601?
6
What is the units digit of 55547?
7
What is the units digit of 4672?
2
What is the tens digit of 1519?
1
What is the ten thousands digit of 62053?
6
What is the units digit of 1199?
9
What is the units digit of 4443?
3
What is the units digit of 2192?
2
What is the hundreds digit of 115795?
7
What is the units digit of 50041?
1
What is the hundreds digit of 12500?
5
What is the ten thousands digit of 74202?
7
What is the units digit of 5530?
0
What is the hundreds digit of 3149?
1
What is the thousands digit of 47050?
7
What is the units digit of 18791?
1
What is the hundreds digit of 2009?
0
What is the ten thousands digit of 16031?
1
What is the hundreds digit of 1501?
5
What is the units digit of 1504?
4
What is the hundreds digit of 1891?
8
What is the thousands digit of 1150?
1
What is the units digit of 29722?
2
What is the units digit of 6316?
6
What is the units digit of 907?
7
What is the tens digit of 25926?
2
What is the hundreds digit of 4162?
1
What is the thousands digit of 3155?
3
What is the tens digit of 1528?
2
What is the thousands digit of 9311?
9
What is the hundreds digit of 2725?
7
What is the hundreds digit of 23240?
2
What is the units digit of 70027?
7
What is the thousands digit of 1503?
1
What is the tens digit of 1813?
1
What is the units digit of 14439?
9
What is the thousands digit of 109563?
9
What is the hundreds digit of 640?
6
What is the tens digit of 17220?
2
What is the hundreds digit of 513?
5
What is the hundreds digit of 1009?
0
What is the tens digit of 1455?
5
What is the units digit of 2425?
5
What is the units digit of 656?
6
What is the tens digit of 7802?
0
What is the tens digit of 82633?
3
What is the units digit of 125?
5
What is the units digit of 1801?
1
What is the hundreds digit of 13633?
6
What is the thousands digit of 13913?
3
What is the thousands digit of 26782?
6
What is the units digit of 6711?
1
What is the ten thousands digit of 45314?
4
What is the units digit of 1079?
9
What is the hundreds digit of 36261?
2
What is the ten thousands digit of 99616?
9
What is the tens digit of 85?
8
What is the hundreds digit of 1410?
4
What is the units digit of 1678?
8
What is the tens digit of 8039?
3
What is the hundreds digit of 6233?
2
What is the tens digit of 96330?
3
What is the tens digit of 248?
4
What is the units digit of 31551?
1
What is the tens digit of 3226?
2
What is the hundreds digit of 344?
3
What is the ten thousands digit of 11643?
1
What is the tens digit of 1976?
7
What is the tens digit of 78344?
4
What is the hundreds digit of 22142?
1
What is the units digit of 609?
9
What is the tens digit of 1607?
0
What is the units digit of 70404?
4
What is the tens digit of 3500?
0
What is the ten thousands digit of 57545?
5
What is the hundreds digit of 6593?
5
What is the hundreds digit of 679?
6
What is the thousands digit of 2391?
2
What is the tens digit of 6460?
6
What is the tens digit of 8773?
7
What is the hundreds digit of 510?
5
What is the units digit of 87?
7
What is the thousands digit of 3908?
3
What is the tens digit of 40641?
4
What is the tens digit of 1953?
5
What is the ten thousands digit of 11059?
1
What is the tens digit of 77753?
5
What is the ten thousands digit of 53648?
5
What is the tens digit of 46353?
5
What is the tens digit of 733?
3
What is the units digit of 36828?
8
What is the hundreds digit of 2873?
8
What is the tens digit of 6048?
4
What is the hundreds digit of 148?
1
What is the hundreds digit of 837?
8
What is the hundreds digit of 9175?
1
What is the units digit of 330?
0
What is the hundreds digit of 1110?
1
What is the h